000?
-110011100101001010
In base 10, what is 9174165 + 5?
9174170
In base 16, what is -15cc + 2f?
-159d
In base 3, what is 1212000202 - 11111022?
1200112110
In base 4, what is 3 - -13211101300?
13211101303
In base 13, what is 711 - 326?
3b8
In base 6, what is -1022322 - -2203?
-1020115
In base 9, what is 1031463 - 3418?
1027044
In base 15, what is 3e + -1a7383?
-1a7344
In base 9, what is -7 - -23325025?
23325017
In base 5, what is -2122 - 324020?
-331142
In base 13, what is -212 - -2783c7?
2781b5
In base 4, what is 11220 - -2120022?
2131302
In base 14, what is 41 + -763584?
-763543
In base 15, what is -a - ae69e?
-ae6a9
In base 9, what is 583623 + 16?
583640
In base 4, what is -1103 + 101102322?
101101213
In base 2, what is 10111110001100111001000 + -100?
10111110001100111000100
In base 10, what is -8 - -54317?
54309
In base 15, what is -1747d88c + -2?
-1747d88e
In base 2, what is -11011001011100 + 10001001?
-11010111010011
In base 4, what is 103131 - 11322100?
-11212303
In base 3, what is 1122 - 210212011000?
-210212002101
In base 12, what is 17 - -1ba213?
1ba22a
In base 12, what is -4512101 + 1?
-4512100
In base 4, what is -3320 - 133133113?
-133203033
In base 11, what is 15 - -254114?
254129
In base 9, what is -2 - -3006046?
3006044
In base 3, what is 102122010020012021 - 2?
102122010020012012
In base 3, what is 1111020 + -12012211?
-10201121
In base 12, what is 5018a + -297?
4bab3
In base 4, what is 1313322 + 1303?
1321231
In base 9, what is -5 - 3520705?
-3520711
In base 9, what is -7472727 - 8?
-7472736
In base 6, what is 35352 - -20214?
100010
In base 9, what is 47552481 + -3?
47552477
In base 11, what is 7 + -13364?
-13358
In base 5, what is -42230101 + -132?
-42230233
In base 10, what is 45 - -65976?
66021
In base 2, what is 100111000100001 + 10111?
100111000111000
In base 14, what is -5 + b803b6?
b803b1
In base 4, what is 10 + -2332120231?
-2332120221
In base 4, what is -20311111223 - 3?
-20311111232
In base 7, what is 1604 - -21051?
22655
In base 11, what is 265485 + 4?
265489
In base 13, what is -2b395 - 220?
-2b5b5
In base 14, what is -5145d2 + 5?
-5145cb
In base 8, what is -51300 - 4655?
-56155
In base 10, what is 23737 + 771?
24508
In base 8, what is -31 + 34166301?
34166250
In base 12, what is -12 - -1b52694?
1b52682
In base 12, what is 3 + 2b97397?
2b9739a
In base 4, what is -132210011 - -12220?
-132131131
In base 6, what is 113030542 - -41?
113031023
In base 5, what is 23312023 + 1303?
23313331
In base 2, what is 10111110110000100001000111 - 1001?
10111110110000100000111110
In base 13, what is 2 + -3a0b18?
-3a0b16
In base 3, what is 0 + 100220222221?
100220222221
In base 14, what is 31c - bac0?
-b7a2
In base 8, what is 34 + 50234?
50270
In base 6, what is 2134014 + -3043?
2130531
In base 16, what is -1 - 732387?
-732388
In base 11, what is -5 - -2060507?
2060502
In base 8, what is -45655 - -371?
-45264
In base 13, what is 8 - -b24a80?
b24a88
In base 9, what is 0 + -412753?
-412753
In base 8, what is -276 + -132027?
-132325
In base 13, what is 180675 + -11?
180664
In base 7, what is -2 - -15103241?
15103236
In base 3, what is 0 - -111220000122002?
111220000122002
In base 15, what is -174a922 + 4?
-174a91d
In base 4, what is -10322222 - -33203?
-10223013
In base 6, what is -103042555524 + 5?
-103042555515
In base 15, what is 56d1da2a + -4?
56d1da26
In base 16, what is 3460e4 - -4f?
346133
In base 7, what is 4500 - -4414?
12214
In base 4, what is -301101122 + -3010?
-301110132
In base 12, what is 5b + 23b69?
24008
In base 11, what is 130a85a - 14?
130a846
In base 6, what is 32225203445 + -2?
32225203443
In base 13, what is 693 - 61541?
-60b7b
In base 4, what is -30 + -1023302230100?
-1023302230130
In base 3, what is -10022121 - -11021002?
221111
In base 9, what is -8530424 - 47?
-8530472
In base 2, what is -1011110000111101 - 1100100?
-1011110010100001
In base 13, what is 1c4c + 10607?
12556
In base 13, what is 7737 + 23a04?
2b43b
In base 14, what is -2b7 + 1114b?
10c74
In base 10, what is -2596561 + 4?
-2596557
In base 16, what is f + -b6fd5?
-b6fc6
In base 9, what is -24 + -83873?
-84007
In base 15, what is 36e5 + -29e?
3446
In base 10, what is -465581740 + 3?
-465581737
In base 7, what is -3616213 - 35?
-3616251
In base 5, what is 23012114 + 241?
23012410
In base 4, what is -101323 - -301222112?
301120123
In base 8, what is -5 + 5563143?
5563136
In base 11, what is 15967 + 107?
15a73
In base 3, what is -1221202222000 - 1020?
-1221210000020
In base 15, what is 2cb5c5 - 1e?
2cb5a6
In base 4, what is 3 + 102113332?
102120001
In base 2, what is -1011100110 + 11111110011100?
11110010110110
In base 5, what is 22 - -410032121?
410032143
In base 11, what is -4a + 247009?
246a6a
In base 6, what is 225 - -1333040?
1333305
In base 8, what is 4577272 - -316?
4577610
In base 5, what is 2 - -2113420012?
2113420014
In base 10, what is 558 - -80581?
81139
In base 10, what is -9664820 + -2?
-9664822
In base 6, what is -20 + 412433030?
412433010
In base 12, what is 37 + 152562?
152599
In base 11, what is -10a8 + -8100?
-91a8
In base 9, what is -1083171 + 2251?
-1080820
In base 3, what is -110201112000222 + 102?
-110201112000120
In base 13, what is -3 + 6a53804?
6a53801
In base 11, what is -1547 + -3a1892?
-3a3329
In base 10, what is 976 - -702?
1678
In base 6, what is 124111 - -213?
124324
In base 9, what is 75 + -4351644?
-4351558
In base 4, what is -31 - 10132230231?
-10132230322
In base 12, what is -701a - -437?
-67a3
In base 4, what is -13 - 20312030110?
-20312030123
In base 16, what is -1046300 + -3?
-1046303
In base 2, what is -11101011110011010110110010 - -1?
-11101011110011010110110001
In base 9, what is -145 - -1201716?
1201561
In base 2, what is -11010101110011100010001100 - 1?
-11010101110011100010001101
In base 12, what is -5 + 11593684?
1159367b
In base 8, what is 3164411 + -2?
3164407
In base 3, what is -12 - 21200120022021?
-21200120022110
In base 2, what is -10111001000101 - 11110101001?
-11010111101110
In base 3, what is -12 + -2000011201?
-2000011220
In base 10, what is -106086684 - 1?
-106086685
In base 10, what is 42692 - 775?
41917
In base 16, what is 81 + 5ce4?
5d65
In base 7, what is -24661125 + 35?
-24661060
In base 3, what is 110 + 120120120222?
120120121102
In base 10, what is -14 + -879296?
-879310
In base 10, what is 144 + 2181424?
2181568
In base 2, what is -11 - -100101100111010110?
100101100111010011
In base 3, what is 11001211021 - -20?
11001211111
In base 15, what is 3 - beb10bc?
-beb10b9
In base 10, what is -5672501 + -49?
-5672550
In base 4, what is -213 - 110331012?
-110331231
In base 14, what is 9 + -122b7dc?
-122b7d3
In base 15, what is -3 - 2110690?
-2110693
In base 2, what is 1111010010010100101100 + 11?
1111010010010100101111
In base 2, what is 100 - -1001110101011100100010001100?
1001110101011100100010010000
In base 14, what is 2956964 - -5?
2956969
In base 7, what is -454240 + 312?
-453625
In base 4, what is 10201133 - 123?
10201010
In base 16, what is -220 - b593?
-b7b3
In base 9, what is -856353018 + -5?
-856353024
In base 15, what is -916299 - -3?
-916296
In base 9, what is 3 + -237028324?
-237028321
In base 9, what is 465760286 + 0?
465760286
In base 10, what is -124817357 - 1?
-124817358
In base 6, what is -2103241430 + 2?
-2103241424
In base 13, what is 0 + 31cba9?
31cba9
In base 7, what is 106563401 + -5?
106563363
In base 12, what is 182257 - -ba?
182355
In base 15, what is -51381c - 12?
-51382e
In base 15, what is -2 + d8ae64?
d8ae62
In base 7, what is -3 - 646452104?
-646452110
In base 15, what is -449ae5 - 2?
-449ae7
In base 8, what is -1 + 245754150?
245754147
In base 4, what is 302120221203 + 11?
302120221220
In base 8, what is 3313327537 + 2?
3313327541
In base 2, what is 110 - -100111110000000100011?
100111110000000101001
In base 6, what is 14554024 + 132?
14554200
In base 7, what is -2166130610 - 23?
-2166130633
In base 15, what is -2bca - a1?
-2c7b
In base 14, what is d1 + 148da?
149cb
In base 4, what is 2232 - 20200213?
-20131321
In base 3, what is -22012 + -20121122110?
-20121221122
In base 2, what is -111100000110011000 - -10?
-111100000110010110
In base 10, what is 4757 - 1006?
3751
In base 12, what is 207827a + -51?
2078229
In base 12, what is 119a5a8 - 4?
119a5a4
In base 11